5
What is the remainder when 1280 is divided by 66?
26
What is the remainder when 607 is divided by 149?
11
Calculate the remainder when 278 is divided by 26.
18
What is the remainder when 452 is divided by 13?
10
What is the remainder when 55 is divided by 21?
13
What is the remainder when 203 is divided by 12?
11
Calculate the remainder when 2750 is divided by 21.
20
What is the remainder when 3601 is divided by 35?
31
What is the remainder when 1069 is divided by 267?
1
Calculate the remainder when 33488 is divided by 313.
310
Calculate the remainder when 272 is divided by 120.
32
Calculate the remainder when 916 is divided by 226.
12
What is the remainder when 4187 is divided by 696?
11
Calculate the remainder when 180 is divided by 23.
19
Calculate the remainder when 677 is divided by 223.
8
What is the remainder when 390 is divided by 255?
135
Calculate the remainder when 27045 is divided by 294.
291
Calculate the remainder when 403 is divided by 11.
7
What is the remainder when 403 is divided by 195?
13
Calculate the remainder when 5857 is divided by 93.
91
Calculate the remainder when 430 is divided by 207.
16
Calculate the remainder when 79 is divided by 5.
4
What is the remainder when 2459 is divided by 23?
21
What is the remainder when 216 is divided by 108?
0
Calculate the remainder when 29 is divided by 16.
13
What is the remainder when 2919 is divided by 244?
235
Calculate the remainder when 3448 is divided by 26.
16
Calculate the remainder when 133 is divided by 79.
54
What is the remainder when 1576 is divided by 315?
1
What is the remainder when 273 is divided by 80?
33
Calculate the remainder when 221 is divided by 26.
13
Calculate the remainder when 1210 is divided by 15.
10
What is the remainder when 532 is divided by 91?
77
Calculate the remainder when 28 is divided by 16.
12
Calculate the remainder when 107 is divided by 73.
34
What is the remainder when 41 is divided by 16?
9
Calculate the remainder when 426 is divided by 33.
30
What is the remainder when 452 is divided by 13?
10
What is the remainder when 81 is divided by 31?
19
Calculate the remainder when 11254 is divided by 12.
10
What is the remainder when 16 is divided by 14?
2
Calculate the remainder when 1367 is divided by 114.
113
What is the remainder when 464 is divided by 39?
35
Calculate the remainder when 456 is divided by 17.
14
Calculate the remainder when 8528 is divided by 36.
32
Calculate the remainder when 256 is divided by 24.
16
What is the remainder when 358 is divided by 15?
13
Calculate the remainder when 336 is divided by 28.
0
What is the remainder when 103 is divided by 53?
50
What is the remainder when 353 is divided by 120?
113
What is the remainder when 435 is divided by 22?
17
What is the remainder when 762 is divided by 4?
2
Calculate the remainder when 1016 is divided by 68.
64
Calculate the remainder when 3116 is divided by 1552.
12
Calculate the remainder when 8225 is divided by 44.
41
What is the remainder when 1323 is divided by 20?
3
What is the remainder when 262 is divided by 68?
58
What is the remainder when 96 is divided by 45?
6
What is the remainder when 900 is divided by 156?
120
What is the remainder when 45 is divided by 23?
22
Calculate the remainder when 6983 is divided by 72.
71
Calculate the remainder when 6297 is divided by 30.
27
Calculate the remainder when 206 is divided by 181.
25
What is the remainder when 199 is divided by 41?
35
What is the remainder when 461 is divided by 16?
13
What is the remainder when 1638 is divided by 82?
80
What is the remainder when 631 is divided by 128?
119
What is the remainder when 5 is divided by 2?
1
Calculate the remainder when 3935 is divided by 8.
7
Calculate the remainder when 1284 is divided by 161.
157
Calculate the remainder when 214 is divided by 118.
96
Calculate the remainder when 2576 is divided by 235.
226
What is the remainder when 3692 is divided by 27?
20
Calculate the remainder when 357 is divided by 118.
3
Calculate the remainder when 106 is divided by 88.
18
Calculate the remainder when 297 is divided by 28.
17
Calculate the remainder when 45 is divided by 12.
9
Calculate the remainder when 58 is divided by 13.
6
Calculate the remainder when 1533 is divided by 171.
165
What is the remainder when 1067 is divided by 21?
17
What is the remainder when 54 is divided by 19?
16
Calculate the remainder when 280 is divided by 58.
48
What is the remainder when 266 is divided by 73?
47
Calculate the remainder when 113 is divided by 43.
27
Calculate the remainder when 147 is divided by 6.
3
Calculate the remainder when 128 is divided by 19.
14
What is the remainder when 1230 is divided by 9?
6
What is the remainder when 76 is divided by 22?
10
What is the remainder when 199 is divided by 91?
17
What is the remainder when 494 is divided by 16?
14
What is the remainder when 233 is divided by 47?
45
Calculate the remainder when 751 is divided by 21.
16
Calculate the remainder when 597 is divided by 6.
3
Calculate the remainder when 481 is divided by 4.
1
Calculate the remainder when 1756 is divided by 219.
4
Calculate the remainder when 18881 is divided by 15.
11
Calculate the remainder when 448 is divided by 132.
52
Calculate the remainder when 468 is divided by 175.
118
What is the remainder when 8733 is divided by 16?
13
Calculate the remainder when 222 is divided by 16.
14
Calculate the remainder when 126 is divided by 57.
12
Calculate the remainder when 3260 is divided by 68.
64
What is the remainder when 231 is divided by 20?
11
Calculate the remainder when 233 is divided by 47.
45
What is the remainder when 4 is divided by 2?
0
Calculate the remainder when 365 is divided by 23.
20
What is the remainder when 86 is divided by 11?
9
What is the remainder when 228 is divided by 28?
4
What is the remainder when 10 is divided by 4?
2
What is the remainder when 1128 is divided by 559?
10
Calculate the remainder when 143 is divided by 8.
7
Calculate the remainder when 313 is divided by 41.
26
What is the remainder when 409 is divided by 17?
1
What is the remainder when 232 is divided by 51?
28
What is the remainder when 42 is divided by 39?
3
Calculate the remainder when 3279 is divided by 7.
3
What is the remainder when 426 is divided by 143?
140
What is the remainder when 126 is divided by 55?
16
Calculate the remainder when 64 is divided by 64.
0
Calculate the remainder when 257 is divided by 193.
64
Calculate the remainder when 555 is divided by 173.
36
Calculate the remainder when 770 is divided by 156.
146
What is the remainder when 2051 is divided by 173?
148
Calculate the remainder when 25 is divided by 6.
1
What is the remainder when 1427 is divided by 54?
23
What is the remainder when 232 is divided by 58?
0
Calculate the remainder when 235 is divided by 68.
31
What is the remainder when 1025 is divided by 489?
47
What is the remainder when 660 is divided by 111?
105
What is the remainder when 2485 is divided by 131?
127
What is the remainder when 1659 is divided by 34?
27
Calculate the remainder when 637 is divided by 11.
10
Calculate the remainder when 435 is divided by 10.
5
Calculate the remainder when 551 is divided by 8.
7
What is the remainder when 31 is divided by 14?
3
What is the remainder when 438 is divided by 22?
20
Calculate the remainder when 113 is divided by 47.
19
What is the remainder when 561 is divided by 185?
6
What is the remainder when 898 is divided by 25?
23
Calculate the remainder when 28 is divided by 2.
0
Calculate the remainder when 37 is divided by 8.
5
Calculate the remainder when 512 is divided by 504.
8
Calculate the remainder when 825 is divided by 28.
13
Calculate the remainder when 1034 is divided by 7.
5
Calculate the remainder when 144 is divided by 29.
28
Calculate the remainder when 577 is divided by 295.
282
Calculate the remainder when 98 is divided by 17.
13
What is the remainder when 2308 is divided by 11?
9
What is the remainder when 1346 is divided by 290?
186
Calculate the remainder when 131 is divided by 7.
5
What is the remainder when 997 is divided by 84?
73
What is the remainder when 426 is divided by 63?
48
Calculate the remainder when 3791 is divided by 378.
11
What is the remainder when 7 is divided by 7?
0
Ca